late the highest common factor of 5 and c.
5
Let y = -8 + 20. Calculate the greatest common factor of y and 3.
3
Let r be ((-8)/6)/(5/(-375)). Calculate the greatest common factor of r and 25.
25
Let v be (4/6)/((-22)/(-363)). What is the greatest common factor of 121 and v?
11
Let t be 0 + (-1 - -3) - -68. Calculate the greatest common factor of 14 and t.
14
Suppose -q + 64 = 5*y, 10 + 8 = y - 5*q. Let a be 1396/8 + 2/(-4). Suppose 5*z - 629 + a = 0. Calculate the highest common factor of y and z.
13
Suppose 6 = 3*k - r, 3*k = -2*k + 2*r + 10. What is the highest common divisor of k and 6?
2
Let m(g) = 6 - 1 - 1 + 2*g. Let d be m(3). Suppose -o + 8 = 5*y + 23, 3*y + 37 = 5*o. What is the highest common factor of o and d?
5
Let j(s) = -s**2 - 20*s - 21. Let f be j(-17). Calculate the highest common factor of f and 60.
30
Let j be -1*(0 - -1)*-373. Suppose -31 + j = 2*q. Calculate the greatest common factor of q and 19.
19
Suppose -5*u - 5*n = -180, 3*n - 192 = -5*u + n. Calculate the highest common factor of 10 and u.
10
Let t(s) = s + 50. Let a be t(0). Suppose -5*r + 138 = -112. Suppose 3*p = -2*p + r. What is the highest common factor of a and p?
10
Suppose 0 = -9*s + 4*s + 540. Let h(q) = q + 7. Let r be (-15)/2*6/(-9). Let x be h(r). Calculate the highest common factor of s and x.
12
Suppose 0 = -0*y - 4*y - 3*k + 189, 0 = 2*y + 2*k - 94. Let h = -11 + 27. Calculate the greatest common factor of h and y.
16
Let w = -4 + 4. Suppose w = -o - o + 28. Let h = -30 - -44. What is the highest common divisor of o and h?
14
Suppose 0 = 5*n - 4*w - 0*w - 161, -5*n + 167 = 2*w. Calculate the greatest common factor of 3 and n.
3
Suppose 69 = c + 2*c. Let w = c - 13. Suppose 2*b - 5*b + w = 4*r, -2*r + 2*b + 12 = 0. What is the greatest common factor of r and 16?
4
Let f be -12*(40/(-12) - 1). What is the highest common factor of 130 and f?
26
Let q be (-3)/(-9) - (-1664)/12. Let k be q/4 + 1/4. Calculate the highest common factor of 14 and k.
7
Let h be ((-4)/(-8))/(2/4). Let d = 3 - h. Suppose o - l - l = 10, -3*l + 55 = d*o. What is the highest common divisor of o and 140?
20
Let l(h) = h**3 + 32. Let f be l(0). Let s = 154 + -41. Let a = s + -65. What is the greatest common divisor of f and a?
16
Let a be 6856/72 - (-2)/(-9). Calculate the greatest common divisor of a and 19.
19
Let m be 3/(-6) + (-25)/(-2). Let f(v) = 2*v - 16. Let i be f(m). Calculate the highest common divisor of 2 and i.
2
Let i(h) = -4*h - 2. Let t(a) = a + 4. Let u be t(-6). Let o be i(u). Calculate the greatest common factor of o and 2.
2
Suppose -6*h + 4*h = -8. Suppose -2*f + 34 = 4*z - h, -3*f + 33 = 3*z. What is the greatest common divisor of 40 and z?
8
Let z be (-4)/10 + 14/10. Suppose -4*a - 4*q + 15 = -9, -1 = 4*a - q. Let m be (-48)/(-18) - a/(-3). Calculate the greatest common divisor of z and m.
1
Suppose -4*m = -2*m + 10, -4*n - m = -11. Let v be (45/6)/(2/n). What is the greatest common factor of 6 and v?
3
Suppose 2*j + 4 = 0, -2*f + 0*f = 4*j - 72. Suppose -4*z + 230 + 614 = 0. Let g = z - 111. Calculate the highest common divisor of f and g.
20
Let u(p) = -16*p - 1. Let b be u(-2). Suppose 0 = 3*s - b - 29. Suppose -6*z - s = -2*z, -3*r + 193 = -5*z. Calculate the greatest common divisor of 14 and r.
14
Let y = -14 + 56. Suppose -q + 4*q - 21 = -5*p, -5*q = 5*p - 35. What is the highest common divisor of y and q?
7
Suppose 15*a = 10*a + 575. What is the highest common factor of 23 and a?
23
Suppose -4*a + 16 = -a + 4*x, 3*x = -2*a + 12. Suppose 5*p - 4*w - 9 = a, -4*p - 3*w + 32 = -0*w. Calculate the highest common divisor of p and 15.
5
Let m be (-3 + (4 - 2))*-24. Suppose 5*v = 3*v + 32. Calculate the highest common divisor of m and v.
8
Suppose 95*k - 99*k = -420. Calculate the greatest common factor of 42 and k.
21
Suppose -u - u + 56 = 0. Let a(m) = m + 8. Let o be a(6). Calculate the greatest common divisor of u and o.
14
Let q be 850/60 - (-2)/(-12). Suppose -4*a - 2 + q = 0. Calculate the highest common factor of 1 and a.
1
Let n = -15 - -9. Let g be 40 - 0/(n/3). Calculate the greatest common divisor of g and 5.
5
Let r = -2 - 11. Let q = -5 - r. What is the highest common factor of 12 and q?
4
Suppose -2*z + 9 = 5. Let b be (-1)/(z/(-26)) - 0. Calculate the highest common divisor of 13 and b.
13
Let j(i) = 59*i**3 + i**2. Let h be j(1). What is the greatest common factor of 20 and h?
20
Let h(w) = -w - 4. Let x be h(4). Let l = x + 24. Let z = 102 - -10. What is the highest common divisor of l and z?
16
Let f be (-4)/(-6)*9/2. Suppose 5*m - 33 = -f. What is the highest common divisor of 24 and m?
6
Let s be 3/1 - (-3 + 2). Suppose -6*y + 5*y - 4*u + 20 = 0, 2*y = 2*u. What is the greatest common divisor of y and s?
4
Let m be (-1)/3*(-24 - 3). What is the highest common divisor of 45 and m?
9
Let a(r) = -r**3 + 5*r**2 - 3*r - 4. Let z be a(3). What is the greatest common divisor of z and 95?
5
Suppose 5*s + 4 = 29. Calculate the highest common divisor of 20 and s.
5
Let r(y) = -y + 7. Let g be r(5). Suppose g*b + 5*t + 1 - 147 = 0, -4*b = 5*t - 272. Calculate the highest common factor of b and 42.
21
Let l(m) = m**2 - 13. Let s be l(5). What is the highest common divisor of 4 and s?
4
Let i(s) = -s**3 - 5*s**2 - 4*s - 1. Let m be i(-5). Let l be -19*(6/(-1) - -1). What is the highest common factor of m and l?
19
Let o(h) = -4*h + 5. Let f(r) = -17*r + 21. Let u(l) = 2*f(l) - 9*o(l). Let z be u(9). What is the highest common factor of 3 and z?
3
Let q be (1 + -2 - 0) + 3. Suppose 0 = -2*g - q*g + 28. Let i = 32 + -11. What is the highest common divisor of i and g?
7
Let p = -15 - -3. Let w be (-6)/8 + (-873)/p. Calculate the greatest common factor of w and 24.
24
Suppose 0 = 4*f + 2*f - 816. What is the highest common divisor of 34 and f?
34
Suppose 3*y + 2 = 4*y. Suppose 3*a - y*h = 37, 3*h - 7*h = 20. What is the greatest common divisor of a and 18?
9
Let n(d) = d**2 - 7*d + 8. Let x = -6 - -12. Let m be n(x). Suppose -5*t + 36 = -4*b + 161, -m*b - 4*t = -56. Calculate the greatest common factor of 12 and b.
6
Let u = 126 + -74. What is the greatest common divisor of 78 and u?
26
Let v(o) = o**3 - 7*o**2 - 8*o + 3. Let z be v(8). Calculate the highest common factor of z and 27.
3
Let x(z) be the first derivative of -z**3/3 - 3*z**2 + 7*z + 3. Let b be x(-5). What is the greatest common factor of 30 and b?
6
Let p be 1 - 1*3*-117. Calculate the greatest common factor of 32 and p.
32
Let f be (1 + 4*-1)*-1. Suppose -w = 4*w + 4*s - 92, 57 = 3*w + f*s. Let r = 3 - 1. What is the greatest common factor of w and r?
2
Let c(r) be the third derivative of -r**5/60 - 7*r**4/24 + r**3/2 + 2*r**2. Let t be c(-6). Calculate the highest common factor of 90 and t.
9
Suppose 3*t - 5*t = -4. Suppose -t*o - 3*o = -10. Suppose -o*u = -0*u - 112. Calculate the highest common factor of u and 8.
8
Suppose 5*g - 128 = 3*g. Let b be (1 + 0)/(4/g). What is the greatest common divisor of 2 and b?
2
Let i(s) = s**3 - 15*s**2 + 5*s + 20. Let u be i(15). Let f = -53 - -91. What is the highest common divisor of f and u?
19
Suppose -45 = -3*k - 6. Suppose -11 - 457 = -4*g + 4*s, -2*g + 5*s = -234. Let v be (3/(-3))/((-1)/g). Calculate the greatest common factor of v and k.
13
Let t = 464 - 262. Let k = t + -13. Calculate the highest common factor of k and 27.
27
Let n(r) = 4*r + 66. Let d be n(-15). What is the highest common divisor of d and 48?
6
Suppose 22 = 4*j - 50. Suppose -2*c + j + 74 = 4*y, 0 = 4*c + 3*y - 204. Calculate the greatest common divisor of 6 and c.
6
Suppose -a - 4*a = -30. Calculate the greatest common factor of a and 3.
3
Suppose 4*z + 5*v + 7 = 0, 2*v - 4*v - 6 = 0. Suppose 54 = z*h - 0*h. Calculate the highest common divisor of 18 and h.
9
Let r(h) = 5 - h**3 + 3*h**3 - 3*h**3 - h**2. Let c be r(0). Suppose 0*z + 70 = c*z. Calculate the greatest common factor of z and 2.
2
Let q = -10 - -13. Suppose 7 + 14 = q*p. What is the greatest common divisor of p and 63?
7
Suppose 4*m - 7 = 97. Let j = m + 2. What is the highest common factor of 7 and j?
7
Suppose -7*b + 149 = 30. Let r = 374 - 221. What is the highest common factor of b and r?
17
Let i be 2/3 - (-4)/3. Suppose 466*g - 120 = 454*g. Calculate the highest common divisor of i and g.
2
Let q = 